.
14
Let a(s) = -s**3 - 6*s**2 - 4*s - 9. What is a(-6)?
15
Let x(r) = -8*r + 78. Determine x(11).
-10
Let w(o) = -o**2 - 17*o - 14. Calculate w(-11).
52
Let d(r) = 7*r - 2. Determine d(4).
26
Let t(h) = h**3 + 7*h**2 + 4*h + 3. Determine t(-6).
15
Let g(b) = -2*b**2 - 4*b + 19. Give g(-6).
-29
Let c(f) = f**2 - 8*f - 11. Calculate c(8).
-11
Let j(q) = 3*q**3 - 59*q**2 - 24*q + 81. Determine j(20).
1
Let b(v) = -v**3 + 7*v**2 + 4*v - 20. Give b(7).
8
Let r(h) = -83*h + 583. What is r(7)?
2
Let q(h) = -h**2 - 16*h - 3. What is q(-17)?
-20
Let t(o) = o**3 - 9*o**2 - 9*o - 5. Determine t(10).
5
Let h(q) = 2*q**3 - 35*q**2 - 19*q + 18. Give h(18).
0
Let v(n) = -2*n**3 - 2*n**2 - 1. Give v(-2).
7
Let p(z) = -z + 3. Give p(-4).
7
Let d(v) = 77*v + 69. Give d(-1).
-8
Let r(m) = 5*m + 186. Give r(-37).
1
Let g(m) = 13*m + 111. Determine g(-8).
7
Let j(i) = i**3 - 23*i**2 - 24*i + 7. Calculate j(24).
7
Let q(c) = c**2 + 14*c - 39. Calculate q(-16).
-7
Let m(f) = -f + 3. What is m(2)?
1
Let i(t) = -8*t - 11. Give i(-4).
21
Let u(y) = y**3 - 5*y**2 - 11*y - 2. What is u(6)?
-32
Let t(h) = -5*h**3 + 80*h**2 + 1. Calculate t(16).
1
Let c(g) = g**3 - 7*g**2 - 6*g + 68. Give c(6).
-4
Let b(w) = 7*w + 60. Give b(-10).
-10
Let s(k) = 30*k**3 + k**2 - k + 1. Give s(1).
31
Let n(p) = -7*p - 14. Calculate n(-5).
21
Let b(h) = h**3 + 8*h**2 - 7. Determine b(-8).
-7
Let m(q) = 9*q + 3. Give m(-2).
-15
Let l(x) = -8*x**2 + 3*x + 6. Determine l(3).
-57
Let a(n) = -3*n**2 - 15*n - 10. What is a(-4)?
2
Let w(j) = -j**2 + 35*j - 243. Determine w(23).
33
Let z(f) = 2*f**3 - 12*f**2 - 3*f + 14. Determine z(6).
-4
Let z(g) = 8*g**2 - g + 3. What is z(1)?
10
Let x(p) = -p**2 + 31*p - 5. Determine x(31).
-5
Let p(h) = h**2 - 3*h - 3. Calculate p(-6).
51
Let r(z) = 25*z**2 - z - 2. Calculate r(-1).
24
Let c(p) = -2*p + 6. Determine c(0).
6
Let x(w) = -2*w + 46. What is x(30)?
-14
Let a(m) = m**3 - 15*m**2 - 23*m + 28. What is a(17)?
215
Let g(h) = h**3 - 17*h**2 + 39*h - 142. Calculate g(15).
-7
Let i(b) = -2*b - 9. Determine i(-6).
3
Let q(i) = -i**3 - 5. Calculate q(0).
-5
Let j(k) = -k**3 - 55*k**2 + 58*k + 114. What is j(-56)?
2
Let i(y) = -y**2 - 29*y - 84. Determine i(-26).
-6
Let j(m) = -m**3 + 9*m**2 - 8*m + 5. Calculate j(8).
5
Let r(v) = -6*v - 43. Give r(-7).
-1
Let z(m) = -2*m - 26. Give z(3).
-32
Let c(z) = z**2. Calculate c(2).
4
Let o(h) = -2*h**3 - 22*h**2 - 5*h - 55. Give o(-11).
0
Let z(c) = -c**2 - 5*c. Determine z(-5).
0
Let j(v) = -2*v**2 - 21*v - 24. Calculate j(-10).
-14
Let i(r) = -5*r + 12. Give i(7).
-23
Let n(j) = -j**2 + 20*j - 21. Determine n(19).
-2
Let y(z) = z + 8. Calculate y(-12).
-4
Let z(b) = 3*b - 8. What is z(7)?
13
Let b(t) = t**3 - 3*t**2 - 9. Give b(4).
7
Let z(g) = 18*g - 4. Give z(2).
32
Let u(d) = -d**2 - 8. What is u(0)?
-8
Let n(f) = -f**2 + 9*f - 1. What is n(-4)?
-53
Let l(b) = 2*b + 2. What is l(-3)?
-4
Let n(s) = -2*s - 70. Determine n(-32).
-6
Let p(m) = 14*m - 71. Calculate p(4).
-15
Let h(y) = -2*y - 7. Calculate h(0).
-7
Let d(s) = s**2 + 14*s + 14. What is d(-12)?
-10
Let y(l) = -3*l - 2. Give y(-4).
10
Let u(s) = s**3 - 10*s**2 - 4*s + 5. Give u(10).
-35
Let g(q) = -2*q**3 + 3*q**2 + q. Determine g(-3).
78
Let a(r) = 2*r**3 + 9*r**2 - 2*r + 3. Determine a(-5).
-12
Let n(x) = x**3 + x**2. What is n(2)?
12
Let h(u) = -6*u**3 - 55*u**2 - 11*u + 4. Determine h(-9).
22
Let b(t) = t**3 + 3*t**2 - 7*t. Determine b(-6).
-66
Let p(a) = -49*a**3 - a**2 + a + 1. Calculate p(-1).
48
Let k(g) = -g**3 - 12*g**2 - 12*g - 23. Give k(-11).
-12
Let f(r) = -r**3 + 5*r**2 + r - 5. Calculate f(5).
0
Let l(j) = j**2 + 1. Calculate l(2).
5
Let u(m) = -15*m**2 - 3*m - 1. Give u(-1).
-13
Let i(j) = 7*j + 30. Give i(-4).
2
Let x(a) = a + 23. Give x(-17).
6
Let j(f) = f**3 - 6*f**2 + f - 2. Give j(6).
4
Let d(u) = u**3 - 15*u**2 - 34*u - 9. Determine d(17).
-9
Let t(d) = -19*d + 9. What is t(-4)?
85
Let z(c) = -c**3 - 3*c**2 + 14*c + 4. Give z(-6).
28
Let a(p) = p**2 - 10*p - 3. Give a(7).
-24
Let i(r) = -r**3 + 31*r**2 - 43*r + 386. What is i(30)?
-4
Let n(s) = s**3 + 24*s**2 - 31*s - 156. What is n(-25)?
-6
Let m(u) = u**2 + 7*u - 41. Calculate m(-11).
3
Let j(w) = 22*w + 2. Give j(4).
90
Let h(m) = m**3 - 5*m**2 - 7*m + 1. Calculate h(6).
-5
Let m(b) = b**2 - 14*b + 48. Give m(7).
-1
Let r(d) = -d**3 - 7*d**2 + 2. Give r(-8).
66
Let g(h) = 112*h + 4. Determine g(0).
4
Let r(v) = -2*v**3 - 2*v**2 - 2*v + 6. Give r(2).
-22
Let w(n) = -n**2 + 16*n + 11. Give w(13).
50
Let y(b) = -b**2 - 6*b + 4. Determine y(-5).
9
Let p(z) = 16*z**2 - 5*z - 2. What is p(-1)?
19
Let x(d) = 4*d + 7. Determine x(-6).
-17
Let u(m) = 3*m**2 + 17*m - 5. Determine u(-6).
1
Let d(n) = 4*n + 38. Calculate d(-11).
-6
Let b(q) = 7*q + 52. What is b(-10)?
-18
Let k(y) = 6*y**3 - 2*y**2 - 2. What is k(2)?
38
Let j(x) = x**3 - 6*x**2 - 3*x + 5. What is j(4)?
-39
Let w(m) = m**2 - 4*m - 5. What is w(-5)?
40
Let q(o) = -2*o**2 - 9*o + 6. What is q(-5)?
1
Let p(l) = -16*l**3. Give p(1).
-16
Let t(j) = 2*j**2 + 4*j - 66. What is t(-9)?
60
Let l(b) = -b**3 - 6*b**2 - 6*b + 1. Determine l(-5).
6
Let q(c) = -9*c + 39. What is q(3)?
12
Let x(c) = -11*c - 36. Determine x(11).
-157
Let m(s) = s**3 - 9*s**2 + 3*s - 6. Determine m(9).
21
Let i(v) = -v**2 - 6*v + 10. Calculate i(-9).
-17
Let k(o) = 3*o**2 - 44*o + 30. Determine k(14).
2
Let o(r) = -30*r + 134. Give o(7).
-76
Let h(k) = k**2 - 3*k + 2. What is h(11)?
90
Let v(o) = o**3 + 12*o**2 + 10*o - 3. Calculate v(-10).
97
Let q(g) = -g + 10. What is q(5)?
5
Let q(m) = m**3 + m**2 + 2*m + 3. What is q(-2)?
-5
Let g(p) = p**3 - 14*p**2 + p + 1. Give g(14).
15
Let i(d) = 2*d**2 - 5*d - 6. Determine i(5).
19
Let y(n) = -n**3 - 25*n**2 - 46*n - 6. What is y(-23)?
-6
Let m(f) = 6*f**3 - 3*f**2 + f - 2. Calculate m(2).
36
Let c(i) = i**3 + 7*i**2 + 2*i - 5. Give c(-6).
19
Let k(w) = w**3 + w + 9. What is k(0)?
9
Let r(y) = -y**2 + 3*y + 2. Calculate r(6).
-16
Let n(k) = -2*k**2 - 3*k + 27. Calculate n(4).
-17
Let l(v) = v**3. Determine l(1).
1
Let s(k) = 6*k**2 - 9*k - 2. Determine s(2).
4
Let s(u) = -u - 27. Determine s(-11).
-16
Let p(h) = 24*h**2 + 1. Give p(-1).
25
Let c(t) = t + 3. What is c(5)?
8
Let d(k) = -2*k + 26. What is d(6)?
14
Let k(y) = -2*y**2 + 39*y - 16. Determine k(19).
3
Let x(m) = 6*m**2 - 21*m - 4. Calculate x(4).
8
Let p(v) = -v**3 + 2*v**2 + 2*v - 2. What is p(0)?
-2
Let m(q) = q**3 + 16*q**2 + 2*q + 17. What is m(-16)?
-15
Let h(z) = -z**2 + z + 9. Give h(5).
-11
Let p(v) = v**3 - 28*v**2 - 95*v + 61. What is p(31)?
-1
Let v(m) = m - 8. What is v(-9)?
-17
Let i(d) = 42*d - 3. Calculate i(0).
-3
Let q(d) = -d + 3. Give q(-1).
4
Let a(u) = -u**2 + 25*u - 149. What is a(7)?
-23
Let d(f) = 104*f**3 + 2*f**2 + f - 1. Determine d(1).
106
Let u(n) = -n**3 - 5*n**2 - 5*n - 6. Give u(-4).
-2
Let b(x) = 3*x + 10. Determine b(-7).
-11
Let n(v) = -2*v - 52. What is n(-29)?
6
Let r(n) = n**2 + 36*n + 47. Calculate r(-35).
12
Let v(y) = -y**3 - 5*y**2 + 5*y - 10. Calculate v(-7).
53
Let o(f) = -2*f**2 - 16*f - 13. Calculate o(-11).
-79
Let v(o) = 11*o**2 + 245*o + 74. What is v(-22)?
8
Let x(g) = -g**3 - 8*g**2 + g + 7. Determine x(-8).
-1
Let b(f) = -2*f**2 + 6*f + 15. Give b(6).
-21
Let h(v) = 2*v**2 - 53*v - 18. Give h(27).
9
Let z(n) = -19*n**2. What is z(-1)?
-19
Let v(s) = s**3 + 2*s**2 - 2*s - 9. What is v(-4)?
-33
Let x(z) = 10*z - 15. Calculate x(6).
45
Let a(w) = 6*w - 245. Give a(40).
-5
Let v(z) = -4*z**2 + 1. Determine v(-1).
-3
Let l(w) = -9*w + 4. Give l(-1).
13
Let q(f) = f**3 - 7*f**2 - 3. Determine q(7).
-3
Let x(r) = 4*r**2 - 16*r. Give x(5).
20
Let z(w) = 3*w + 4. Give z(0).
4
Let f(s) = s**3 - 8*s**2 + 11*s + 10. Determine f(5).
-10
Let l(w) = w**2 - 17*w - 3. Calculate l(8).
-75
Let q(m) = -m**3 + 17*m**2 - 45*m + 36. Calculate q(14).
-6
Let a(d) = 2*d + 57. What is a(-12)?
33
Let v(u) = u**2 + u + 1. Determine v(3).
13
Let r(u) = u**2 + 2*u + 6. Determine r(-7).
41
Let y(a) = 2*a + 41. What is y(-23)?
-5
Let z(r) = 8*r - 226. Give z(30).
14
Let h(i) = i + 16. Calculate h(-4).
12
Let c(r) = r**3 - 6*r**2 - 6*r + 13. What is c(8)?
93
Let v(k) = 60*k**2 + 1. What is v(-1)?
61
Let h(y) = 2*y**2 - 7*y + 1. What is h(4)?
5
Let d(y) = y**2 - 98*y + 726. Determine d(8).
6
Let u(n) = 4*n - 5. Calculate u(5).
15
L